mainder when 477938 is divided by 46973.
8208
What is the remainder when 53600 is divided by 10022?
3490
What is the remainder when 297177 is divided by 643?
111
What is the remainder when 1780989 is divided by 1166?
507
Calculate the remainder when 2752436 is divided by 1282.
1264
Calculate the remainder when 4467211 is divided by 33588.
7
What is the remainder when 2400156 is divided by 194?
182
What is the remainder when 23779346 is divided by 11889666?
14
Calculate the remainder when 2807220 is divided by 935738.
6
Calculate the remainder when 439730 is divided by 419.
199
What is the remainder when 305836 is divided by 1190?
6
Calculate the remainder when 620591 is divided by 31029.
11
Calculate the remainder when 98405322 is divided by 301.
295
Calculate the remainder when 797528 is divided by 492.
488
Calculate the remainder when 128082 is divided by 1191.
645
Calculate the remainder when 12054416 is divided by 945.
941
Calculate the remainder when 1140 is divided by 513.
114
Calculate the remainder when 69952 is divided by 634.
212
Calculate the remainder when 168791 is divided by 168689.
102
Calculate the remainder when 12856231 is divided by 1312.
1255
Calculate the remainder when 12025 is divided by 578.
465
Calculate the remainder when 3948425 is divided by 63.
26
What is the remainder when 426663 is divided by 71107?
21
What is the remainder when 10091344 is divided by 169?
16
Calculate the remainder when 649260 is divided by 2661.
2637
Calculate the remainder when 2250977 is divided by 941.
105
Calculate the remainder when 988857 is divided by 329604.
45
What is the remainder when 97118157 is divided by 30?
27
What is the remainder when 277511 is divided by 746?
745
Calculate the remainder when 179732913 is divided by 396.
393
Calculate the remainder when 138866109 is divided by 3472.
3469
What is the remainder when 21022956 is divided by 2011?
1973
Calculate the remainder when 22176047 is divided by 23.
22
What is the remainder when 78094 is divided by 5821?
2421
What is the remainder when 35695 is divided by 604?
59
What is the remainder when 205958 is divided by 1546?
340
Calculate the remainder when 23655 is divided by 11159.
1337
Calculate the remainder when 19235676 is divided by 54.
12
What is the remainder when 2810443 is divided by 176?
75
Calculate the remainder when 528945 is divided by 845.
820
Calculate the remainder when 320993 is divided by 1446.
1427
Calculate the remainder when 335066 is divided by 2359.
88
What is the remainder when 981474 is divided by 524?
22
What is the remainder when 170395 is divided by 1151?
47
Calculate the remainder when 41913 is divided by 776.
9
Calculate the remainder when 20812678 is divided by 180.
178
What is the remainder when 625040 is divided by 47924?
2028
Calculate the remainder when 98157 is divided by 32470.
747
What is the remainder when 838298 is divided by 8309?
7398
What is the remainder when 4360578 is divided by 2180267?
44
Calculate the remainder when 192549 is divided by 192525.
24
Calculate the remainder when 8217663 is divided by 224.
223
Calculate the remainder when 15099 is divided by 1610.
609
Calculate the remainder when 92718 is divided by 7651.
906
Calculate the remainder when 40144416 is divided by 970.
966
What is the remainder when 667977 is divided by 166532?
1849
Calculate the remainder when 14355272 is divided by 1794408.
8
Calculate the remainder when 2159593 is divided by 539874.
97
What is the remainder when 1857273 is divided by 52?
41
What is the remainder when 12721 is divided by 4532?
3657
Calculate the remainder when 485529 is divided by 2583.
2508
Calculate the remainder when 1432689 is divided by 2978.
271
Calculate the remainder when 7313139 is divided by 457035.
579
What is the remainder when 973171 is divided by 306?
91
What is the remainder when 4055967 is divided by 2679?
2640
Calculate the remainder when 57730 is divided by 13873.
2238
What is the remainder when 167519085 is divided by 9?
6
What is the remainder when 377371 is divided by 139?
125
What is the remainder when 209903 is divided by 7495?
43
What is the remainder when 1342377 is divided by 670438?
1501
Calculate the remainder when 232534 is divided by 77366.
436
What is the remainder when 1523291 is divided by 9?
5
What is the remainder when 2973908 is divided by 1976?
28
What is the remainder when 5264921 is divided by 983?
956
What is the remainder when 73882013 is divided by 148?
117
What is the remainder when 707156666 is divided by 21?
20
What is the remainder when 1028003 is divided by 12093?
98
Calculate the remainder when 236370 is divided by 377.
368
Calculate the remainder when 14225877 is divided by 53.
41
What is the remainder when 281576 is divided by 34311?
7088
Calculate the remainder when 152119889 is divided by 1138.
15
Calculate the remainder when 2896359 is divided by 792.
15
Calculate the remainder when 53398 is divided by 1539.
1072
Calculate the remainder when 173346 is divided by 30.
6
What is the remainder when 516604 is divided by 4270?
4204
What is the remainder when 14407 is divided by 6318?
1771
Calculate the remainder when 86123 is divided by 3270.
1103
Calculate the remainder when 98375 is divided by 32763.
86
Calculate the remainder when 73470142 is divided by 3784.
3782
What is the remainder when 123476413 is divided by 16?
13
Calculate the remainder when 90064 is divided by 2017.
1316
What is the remainder when 20788036 is divided by 436?
428
Calculate the remainder when 7543096 is divided by 246.
244
Calculate the remainder when 205998 is divided by 102871.
256
Calculate the remainder when 19018617 is divided by 2546.
2543
Calculate the remainder when 36915474 is divided by 97.
87
Calculate the remainder when 85156784 is divided by 34379.
1
What is the remainder when 25329394 is divided by 3136?
3058
Calculate the remainder when 776022 is divided by 29846.
26
What is the remainder when 33904 is divided by 15100?
3704
What is the remainder when 15084082 is divided by 3230?
3212
What is the remainder when 1500755 is divided by 375186?
11
Calculate the remainder when 1523832 is divided by 3829.
3719
What is the remainder when 61637 is divided by 1250?
387
What is the remainder when 121977 is divided by 2235?
1287
Calculate the remainder when 39899 is divided by 1966.
579
What is the remainder when 1629788 is divided by 85777?
25
Calculate the remainder when 461842539 is divided by 63.
60
Calculate the remainder when 1660898 is divided by 276809.
44
What is the remainder when 41953 is divided by 13733?
754
Calculate the remainder when 40062754 is divided by 3250.
4
What is the remainder when 2084046 is divided by 30?
6
What is the remainder when 10292802 is divided by 135?
132
Calculate the remainder when 14665171 is divided by 4888386.
13
What is the remainder when 9996694 is divided by 9849?
9808
What is the remainder when 29504296 is divided by 2107448?
24
What is the remainder when 3723775 is divided by 701?
63
Calculate the remainder when 656100119 is divided by 4030.
4029
What is the remainder when 12261442 is divided by 35?
32
What is the remainder when 3940830 is divided by 474?
468
Calculate the remainder when 165353 is divided by 332.
17
What is the remainder when 19458 is divided by 2676?
726
Calculate the remainder when 4947203 is divided by 1157.
1028
Calculate the remainder when 696619 is divided by 348197.
225
What is the remainder when 746532 is divided by 106646?
10
What is the remainder when 18463526 is divided by 1242?
1196
Calculate the remainder when 8679711 is divided by 37.
29
Calculate the remainder when 11656994 is divided by 201.
200
Calculate the remainder when 33407441 is divided by 86.
53
What is the remainder when 1663164 is divided by 30?
24
What is the remainder when 123634 is divided by 5100?
1234
Calculate the remainder when 1717181 is divided by 590.
281
What is the remainder when 5864603 is divided by 577?
552
Calculate the remainder when 89037 is divided by 7358.
741
Calculate the remainder when 20862063 is divided by 3082.
5
Calculate the remainder when 200659676 is divided by 390.
386
Calculate the remainder when 391279 is divided by 671.
86
Calculate the remainder when 299870 is divided by 228.
50
Calcu